(6). Suppose 5*j = 4*r - 377, -284 = -3*r - 0*j + g*j. What are the prime factors of r?
2, 11
Let k be 3*4/(-9)*-3. Suppose 3*b - 2*b + 2*g - 58 = 0, 257 = k*b + 3*g. What are the prime factors of b?
2, 17
Let q(w) = 2*w**2 - 19*w + 65. List the prime factors of q(24).
761
Suppose 0*v + 5*a = -2*v + 981, 999 = 2*v - a. List the prime factors of v.
2, 3, 83
Let k(o) = 297*o - 1048. What are the prime factors of k(21)?
5189
Suppose -3*s + 3 = 2*q, 0 = 5*q - s + 9 - 25. Suppose -126 - 63 = -q*r. List the prime factors of r.
3, 7
Suppose -48*g - 14338 + 109042 = 0. What are the prime factors of g?
1973
Let j = -1 + -42. Let p = j + 89. What are the prime factors of p?
2, 23
Suppose -963 = -4*b + 3029. List the prime factors of b.
2, 499
Let r(q) = 812*q**2 + 6*q - 6. List the prime factors of r(1).
2, 7, 29
Let q(j) = 2*j**2 - 6*j + 25. Suppose h - 8 = 4*d, -5*h + 3*h - 4*d = -16. List the prime factors of q(h).
3, 5, 7
Let r be 1 + (1/1 - -2). Suppose -r*c + 151 = -113. List the prime factors of c.
2, 3, 11
Suppose -3*c = 3*q - 0*q - 18, 9 = 4*c - q. Suppose -385 + 106 = -c*v. List the prime factors of v.
3, 31
Let d = -987 - -1043. What are the prime factors of d?
2, 7
Let x be (12/(-180) - (-2)/5)*939. Let m = x + -220. List the prime factors of m.
3, 31
Suppose 2*j = -1 + 3. List the prime factors of (-4)/j - -128*1.
2, 31
Suppose 56 = -2*o + o + q, -o = 2*q + 59. Let s = 107 + o. What are the prime factors of s?
2, 5
Let h = 478 + -239. List the prime factors of h.
239
Let z be -1 - (-363)/21 - 2/7. Suppose 4*g + 4*d - 72 = z, 0 = d + 5. List the prime factors of g.
3
List the prime factors of -2 + 78*(-114)/(-12).
739
Suppose 63 - 13 = 5*h. Suppose 0 = -h*q + 534 + 226. List the prime factors of q.
2, 19
What are the prime factors of (4 - 5) + 6 - -250?
3, 5, 17
Let i = 5122 + 81. List the prime factors of i.
11, 43
Suppose -3*z - 3*v = -15, -v = 4*z - 2*v - 15. Suppose -w - 5 + 0 = -n, 2*w + 3*n = 0. What are the prime factors of z + (-60)/w + -3?
3, 7
Suppose -k - 5*i = 5, -4*k - i + 2*i + 43 = 0. Let z = k + -7. Suppose -z*w + 151 - 16 = 0. What are the prime factors of w?
3, 5
Suppose 4*c - 175 = 969. List the prime factors of c.
2, 11, 13
Suppose -4*y - h = 210, 0 = y + y - 5*h + 94. Let x be (y/3)/((-6)/18). Let m = x + -33. List the prime factors of m.
19
Let f(l) = 147*l**2 + 24*l - 50. What are the prime factors of f(2)?
2, 293
List the prime factors of ((-14)/(-8) + 0)/((-8)/(-320)).
2, 5, 7
Suppose -7*f + 12 = -100. Suppose 21*c - f*c - 200 = 0. What are the prime factors of c?
2, 5
Suppose -a - 5819 = -12*a. List the prime factors of a.
23
Suppose -11*f = -1101 - 2331. What are the prime factors of f?
2, 3, 13
Let l(y) = -419*y**3 + 7*y**2 + 7*y + 2. What are the prime factors of l(-1)?
421
Let p(n) = n**3 + 28*n**2 + 43*n + 42. List the prime factors of p(-25).
2, 421
Let q = 10346 - 4978. List the prime factors of q.
2, 11, 61
Suppose 76*u = 88*u - 1212. List the prime factors of u.
101
Let t(p) = p + 2. Let m be t(11). Let y = m - 9. What are the prime factors of y?
2
Let n be ((-150)/9)/(-5)*(-3)/(-2). Suppose -3*q - 2*d = -119, n*q - 54 = -3*d + 144. List the prime factors of q.
3, 13
Suppose -80*r + 58212 = -59*r. List the prime factors of r.
2, 3, 7, 11
Let y(c) = -c**2 - 10*c - 13. Let o = -8 - 1. Let l be y(o). What are the prime factors of (-20)/(l/(-20)*-2)?
2, 5
Let v(n) = -14*n - n + 7*n + 10. Let l be v(-5). Let c = l - 24. What are the prime factors of c?
2, 13
Let r(i) be the third derivative of -i**5/60 + 3*i**4/4 - 3*i**3/2 + 8*i**2. Let u be r(16). What are the prime factors of u/2 - (-1)/(-2)?
11
Let k(l) = l**3 + 18*l + 2*l + 22 + 3*l**2 - 11*l**2 - 6*l. List the prime factors of k(7).
71
Suppose 40*n - 2*n = 63574. List the prime factors of n.
7, 239
Suppose -57 = -16*i + 10855. What are the prime factors of i?
2, 11, 31
Suppose 0 = 4*m - 5*b - 61, -2*m + 0*b + 44 = 2*b. Suppose 15*s + 800 = m*s. List the prime factors of s.
2, 5
Let d be 5/(-5)*(1 + -3). What are the prime factors of d/(-10) + 5005/25 - -3?
7, 29
Let b(z) = z**3 + 6*z**2 - 7*z - 2. Let h be b(-5). Suppose -12*o = -14*o + h. List the prime factors of o.
29
Suppose 4*s - 5*s = -4. What are the prime factors of (-148)/(-2) - s/1?
2, 5, 7
Suppose 11*s = -4*o + 16*s + 3652, o - 913 = 5*s. List the prime factors of o.
11, 83
Let c = -970 + 1701. List the prime factors of c.
17, 43
Suppose 241*z - 245*z + 1392 = 0. What are the prime factors of z?
2, 3, 29
Let o(x) = x**3 + 8*x**2 + 4*x + 13. What are the prime factors of o(-7)?
2, 17
Let v = -10868 - -15286. List the prime factors of v.
2, 47
What are the prime factors of (18 + 93)*(296/12 + 0)?
2, 37
Let a(v) = 17*v**3 - 1. Suppose 0 = j - 0*j - 1. Let q be a(j). Suppose 18*f = q*f + 56. List the prime factors of f.
2, 7
Suppose -2529 + 8850 = 7*s. List the prime factors of s.
3, 7, 43
Let h(t) = 6*t**2 - 4. Let v be h(2). Suppose 0 = -3*u + v - 77. Let y = -9 - u. List the prime factors of y.
2, 5
Suppose -5*m - 5*x = -2*m - 43, 4*x - 50 = -5*m. Let j be 2/(-8)*m*20. Let g = j + 48. What are the prime factors of g?
2, 3
Let c be (70/15)/((-4)/(-6)). Suppose c + 27 = 2*n. Suppose -5*m + 30 = 5*u, -4*u = -0*u - 3*m - n. What are the prime factors of u?
5
Let h(u) be the third derivative of 11*u**5/60 + u**4/6 - 7*u**3/6 + 4*u**2. List the prime factors of h(2).
3, 5
Let j(h) = 7 + 3 - 14 - 181*h + 6. What are the prime factors of j(-1)?
3, 61
Let x(k) = -5*k - 1. Let r(c) = 2*c - 19. Let d be r(8). Let s be -16 - ((0 - 1) + d). What are the prime factors of x(s)?
59
Let f = -26 + 68. Suppose -4*y + 7*y = -f. Let g = y + 33. What are the prime factors of g?
19
Suppose 0 = -r + 2*x - 61 - 1, -180 = 3*r - 3*x. Suppose -6*g + 5*g = -116. Let p = r + g. What are the prime factors of p?
2, 29
Let j(q) = -1 - 2*q + 14 + 2 + 3*q. Let i(w) = -w - 16. Let b(m) = -5*i(m) - 4*j(m). What are the prime factors of b(14)?
2, 17
Let a be (-5 - 10)*(-2)/(-6). List the prime factors of 61 + (-3)/((-15)/a).
2, 3, 5
Let c(m) = m - 10. Let a be c(14). Suppose -l = a*t - 465, -4*t - 3*l + 0*l = -467. What are the prime factors of t?
2, 29
Suppose 5*f + 56 = 12*f. Suppose -210 = 2*s - f*s. List the prime factors of s.
5, 7
Let h be ((-24)/40)/((-1)/10). Let o be h/(-18) - 3/(-9). Suppose -3*n - 5*t = -103, -5*n = -o*n + 5*t - 165. List the prime factors of n.
31
Let o be (1 + -1 + -1 + 1)*-1. Suppose -17*l + 16*l + 72 = o. List the prime factors of l.
2, 3
Let i = 117 - 47. Suppose 2*g + 3*g = i. Let l(s) = s - 10. List the prime factors of l(g).
2
Let l = 11 + -74. Let z = 92 + l. Let r = 6 + z. What are the prime factors of r?
5, 7
Suppose -2*y - 2*y + l = -21, 0 = 4*y - 3*l - 15. Suppose 2*v = 3*v - y. What are the prime factors of v?
2, 3
Suppose 19841 + 2929 = 5*k. What are the prime factors of k?
2, 3, 11, 23
Let u(q) = -7*q - 12 + 2*q - 1. Let a be u(6). Let v = 65 + a. What are the prime factors of v?
2, 11
Suppose 12 = 8*n - 5*n. Suppose 4*y - 3*l = -l + 8, 4*y - n*l = 8. Suppose 5*u + 133 = y*b, -u = -5*b - 6*u + 315. What are the prime factors of b?
2
Suppose c + 0*q - 2*q = -10, 2*c + 27 = -3*q. Let m = c + 85. List the prime factors of m.
73
Suppose -9*z = -12*z. Suppose f = -0*f + 3*q - 11, 4*f + 5*q - 7 = z. List the prime factors of (f + -4)*(-55)/10.
3, 11
Let z(g) be the third derivative of -g**5/60 + 5*g**4/12 - 3*g**3/2 - 2*g**2. Let l be z(8). Let k = -4 + l. What are the prime factors of k?
3
Suppose 0 = 7*u - 0 + 7. What are the prime factors of ((-100)/12)/(u/3)?
5
Let q(m) be the first derivative of -m**4/4 - 11*m**3/3 + 7*m**2/2 + 19*m - 13. List the prime factors of q(-12).
79
Suppose 3*f = 8*f - 15. What are the prime factors of (f - (2 - 1))*20?
2, 5
Let o(d) = -6*d + d + 3 - d**2 - 3*d. Let w be o(-8). List the prime factors of 8 + 6 + 0 + w.
17
Let x be 0 - -4 - (-5 + 6). Suppose -6*k - 2*p + 475 = -3*k, -x*k = -4*p - 445. List the prime factors of k.
5, 31
Suppose -2*o + 2*x = 5 - 3, 5*x = 2*o - 4. Let z(m) = 9*m. Let i be z(o). Let q = -12 - i. List the prime factors of q.
3, 5
Let q(m) = m**3 + 16*m**2 - 16*m - 7. Let t be q(-17). Let h = 28 + t. Let z(i) = -i**3 + 3*i**2 + 4*i + 2. List the prime factors of z(h).
2
Suppose 0 = 19*m - 11915 - 47574. List the prime factors of m.
31,